etermine l(3).
-130
Let y(x) = -x**3 + 20*x**2 - 17*x - 4. Calculate y(19).
34
Let r(s) = -s**2 - 27*s + 6. What is r(-34)?
-232
Let x(k) = 13*k**3 - 62*k**2 - 101*k + 435. What is x(5)?
5
Let g(n) = -473*n**3 + 3*n**2 - 4*n + 1. Give g(1).
-473
Let n(x) = -x**2 - 9*x + 11. What is n(4)?
-41
Let k(s) = -2*s**3 - 111*s**2 - 344*s - 4195. What is k(-53)?
-8
Let o(l) = 2*l**3 - 19*l**2 - 4*l - 83. Determine o(10).
-23
Let t(f) = 11*f**3 + 31*f**2 - 84*f - 15. What is t(3)?
309
Let d(r) = -r**3 + 5*r**2 - 312*r + 921. Give d(3).
3
Let g(x) = 60*x + 1016. Give g(-18).
-64
Let w(v) = -11*v - 374. Give w(3).
-407
Let z(h) = -2*h**3 - 5*h**2 + 59*h + 1. Calculate z(5).
-79
Let q(r) = r**3 + 146*r**2 + 193*r + 6966. Determine q(-145).
6
Let o(f) = f**3 + 4*f**2 + 27*f - 387. Determine o(5).
-27
Let b(j) = 3*j**3 + 76*j**2 + 22*j - 77. Give b(-25).
-2
Let h(q) = 27*q**3 - 3*q**2 + 3*q - 1. What is h(2)?
209
Let g(h) = -42*h - 763. Calculate g(-19).
35
Let l(g) = -46*g**2 + 48*g - 58. What is l(5)?
-968
Let c(v) = 16*v**2 + 577*v + 24. Give c(-36).
-12
Let n(a) = 166*a - 1164. Calculate n(7).
-2
Let j(c) = 207*c - 4. What is j(-1)?
-211
Let w(y) = -2*y**3 - 28*y**2 + 4*y - 6. Determine w(-14).
-62
Let m(g) = 1044*g - 1051. Determine m(1).
-7
Let w(n) = -20*n**2 - 2*n - 3. Determine w(-2).
-79
Let z(h) = h**3 - 5*h**2 - 48*h + 2. Calculate z(10).
22
Let m(w) = w**3 - 9*w**2 - w + 23. What is m(9)?
14
Let q(s) = -s**2 - 20*s + 41. Give q(-22).
-3
Let z(j) = 71*j - 15. Give z(-4).
-299
Let o(z) = z**2 - 541*z + 2159. Give o(4).
11
Let b(t) = -t**3 - 21*t**2 - t - 527. Calculate b(-22).
-21
Let d(w) = -5*w**2 - 417*w - 5385. Calculate d(-16).
7
Let v(z) = z**2 + 34*z + 124. Give v(-30).
4
Let x(z) = z**2 - 13*z + 31. Calculate x(12).
19
Let r(c) = 7*c - 93. Determine r(-15).
-198
Let n(i) = -105*i - 13. Determine n(0).
-13
Let y(u) = 2*u**3 - 6*u**2 - 25*u - 90. What is y(7)?
127
Let y(b) = 7*b**2 + 646*b - 1110. Determine y(-94).
18
Let m(r) = -r**3 - 17*r**2 - 55*r + 15. What is m(-5)?
-10
Let a(p) = -3*p - 27. Determine a(-9).
0
Let h(u) = -4*u**3 + 5*u**2 - 2*u - 5. Give h(3).
-74
Let j(s) = -s**2 - 10*s + 91. Give j(-14).
35
Let v(p) = -3*p**2 - 3*p - 5. Give v(-2).
-11
Let j(m) = 5*m**2 - 250*m - 22. Determine j(50).
-22
Let h(c) = c**2 + 5*c - 156. Calculate h(12).
48
Let j(n) = -18*n + 350. Give j(27).
-136
Let z(h) = h**3 - 49*h**2 - 143*h - 673. Determine z(52).
3
Let b(j) = 697*j + 2119. What is b(-3)?
28
Let v(l) = l**2 + 32*l + 129. What is v(-4)?
17
Let k(b) = 63*b - 13. Calculate k(-4).
-265
Let i(d) = -3*d**2 - 10*d - 457. Determine i(0).
-457
Let j(g) = 9*g**2 - 7*g + 2. What is j(3)?
62
Let p(f) = 2967*f - 10. Calculate p(0).
-10
Let u(f) = -f**2 + 7*f + 401. What is u(24)?
-7
Let t(n) = -24*n**3 - n - 1. Calculate t(-1).
24
Let h(z) = 13*z**3 + z**2 + 64*z - 138. Give h(2).
98
Let q(w) = -415*w - 374. What is q(-1)?
41
Let c(s) = s**2 + 54*s + 157. Calculate c(-3).
4
Let k(b) = -744*b - 14142. Determine k(-19).
-6
Let n(b) = -7*b**2 - 47*b + 1. Determine n(-7).
-13
Let b(y) = -13*y**3 - 7*y**2 - 15*y + 3. Give b(-3).
336
Let m(s) = -s - 22. Give m(5).
-27
Let q(d) = -d**2 + 26*d - 30. Calculate q(7).
103
Let z(j) = -j**3 - 11*j**2 - 27*j + 10. Determine z(-7).
3
Let o(s) = 2*s**2 + 42*s - 722. Calculate o(11).
-18
Let z(w) = w**2 + 35*w - 253. What is z(6)?
-7
Let k(b) = 10*b**2 - 410*b + 54. Calculate k(41).
54
Let m(q) = -66*q - 1502. What is m(-22)?
-50
Let y(t) = -70*t - 1916. What is y(-27)?
-26
Let c(b) = b**2 - 35*b - 176. Calculate c(-6).
70
Let g(i) = i**2 - 34*i - 1751. Give g(-29).
76
Let v(n) = -13*n**2 - 68*n - 133. What is v(-2)?
-49
Let j(h) = -h + 4. Determine j(36).
-32
Let k(u) = -15*u**2 - 328*u - 74. Calculate k(-21).
199
Let y(f) = 85*f + 119. Give y(3).
374
Let s(l) = 10627*l + 680129. Give s(-64).
1
Let t(v) = 21*v**2 - 10*v - 153. Determine t(3).
6
Let p(f) = -f**3 - 10*f**2 + 3*f - 1. What is p(-7)?
-169
Let l(k) = -21*k**3 + 4*k - 3. What is l(1)?
-20
Let x(b) = -609*b + 4309. Give x(7).
46
Let q(o) = -5*o - 350. Determine q(-92).
110
Let g(m) = -m**3 - 33*m**2 + 22*m - 349. Give g(-34).
59
Let s(x) = 13*x + 34. Calculate s(8).
138
Let i(w) = 17*w + 288. What is i(-29)?
-205
Let y(v) = -19*v - 52. What is y(-4)?
24
Let j(r) = -r**3 + 30*r**2 + 95*r + 152. Determine j(33).
20
Let l(q) = -q**3 + 34*q**2 - 67*q - 61. Give l(32).
-157
Let v(j) = j**2 - 25*j + 15. Give v(-8).
279
Let f(w) = 86*w + 13393. Calculate f(-156).
-23
Let x(m) = -m**2 - 89*m + 1345. Calculate x(13).
19
Let m(d) = -7137*d - 21428. Calculate m(-3).
-17
Let i(s) = 8*s**2 + 1240*s - 1224. Calculate i(-156).
24
Let u(v) = -9555*v - 38221. Calculate u(-4).
-1
Let l(t) = -t**3 - 37*t**2 - 68*t + 289. What is l(-35)?
219
Let t(b) = -2*b**3 + 4*b**2 - 35*b - 16. Calculate t(7).
-751
Let f(i) = -41*i + 4421. Give f(108).
-7
Let k(a) = -2*a**2 + 29*a - 259. What is k(9)?
-160
Let f(m) = 8*m**2 + 176*m - 355. Calculate f(2).
29
Let n(k) = -6*k**2 + 25*k - 24. What is n(4)?
-20
Let o(b) = -673*b - 2034. What is o(-3)?
-15
Let o(p) = 63*p - 1735. What is o(28)?
29
Let m(v) = 152*v**3 - v**2 - 4*v - 3. Determine m(-1).
-152
Let c(a) = 335*a + 48. Determine c(1).
383
Let w(v) = -51*v**2 - 211*v + 579. Calculate w(-6).
9
Let u(f) = -2650*f + 31785. Calculate u(12).
-15
Let x(p) = -p**3 - 2*p**2 - 170*p + 7. What is x(0)?
7
Let m(i) = -2*i**3 + 83*i**2 - 47*i + 232. What is m(41)?
-14
Let a(n) = 145*n + 140. Calculate a(-1).
-5
Let x(k) = -8*k**2 + 5*k - 45. What is x(-6)?
-363
Let v(b) = 7*b**2 - 207*b - 64. Give v(30).
26
Let u(y) = -247*y - 1718. Calculate u(-7).
11
Let w(c) = -4*c**3 - 57*c**2 - 163*c - 15. Determine w(-4).
-19
Let v(y) = -3*y**3 + 199*y**2 - 64*y - 197. What is v(66)?
-65
Let k(n) = 215*n**2 - 2152*n + 16. What is k(10)?
-4
Let n(c) = -c**2 - c + 65. Give n(-10).
-25
Let c(f) = 6*f**3 - 17*f**2 - 120*f + 347. Calculate c(3).
-4
Let z(c) = c**3 + 22*c**2 + 86*c - 36. What is z(-17)?
-53
Let a(r) = 4*r**2 + 104*r - 355. Determine a(3).
-7
Let l(a) = -3*a**3 - 16*a**2 + 51. What is l(-5)?
26
Let p(m) = -m**3 + 8*m**2 - 54*m + 105. Determine p(3).
-12
Let r(a) = -8814*a - 17615. Give r(-2).
13
Let x(f) = f**3 + 16*f**2 - 43*f + 77. What is x(-19)?
-189
Let d(a) = -33*a**3 + 199*a**2 - 8*a + 6. Calculate d(6).
-6
Let a(d) = -3*d**2 - 20*d + 37. Calculate a(5).
-138
Let f(d) = -176*d - 1061. Determine f(-6).
-5
Let b(x) = -x**3 + 12*x**2 + 2*x + 69. Determine b(12).
93
Let v(a) = a**2 - 7*a - 549. Calculate v(27).
-9
Let d(k) = k**3 + 4*k**2 - 231*k + 130. What is d(13)?
0
Let k(o) = o**3 + 16*o**2 + 22*o - 10. Determine k(-16).
-362
Let w(t) = 19*t**2 - 18*t + 2. Calculate w(3).
119
Let n(u) = 169*u + 38. What is n(0)?
38
Let c(z) = -131*z - 6395. Give c(-49).
24
Let b(q) = -134*q**3 - q**2 - 12*q - 11. Give b(-1).
134
Let p(n) = 8*n - 31. What is p(4)?
1
Let y(b) = 2*b**2 + 40*b - 29076. Give y(-131).
6
Let l(k) = k**2 + 4*k + 44. What is l(-10)?
104
Let s(m) = -m**3 - 15*m**2 - 23*m + 43. Give s(-13).
4
Let d(n) = 8*n**2 + 324*n + 101. Give d(-40).
-59
Let c(f) = -214*f + 22478. Determine c(105).
8
Let o(i) = i**2 + 583*i + 47. What is o(0)?
47
Let u(t) = 2354*t - 4781. Calculate u(2).
-73
Let u(k) = -2*k**3 + 35*k**2 - 70*k + 4. What is u(15)?
79
Let l(v) = v**3 - 23*v**2 + 98*v - 79. Give l(18).
65
Let w(z) = -155*z - 606. Calculate w(-4).
14
Let p(g) = 18*g**3 + g**2 - 10*g - 9. Determine p(-2).
-129
Let s(y) = -44*y**2 + 97*y - 282. Give s(3).
-387
Let b(g) = 169*g - 1007. What is b(6)?
7
Let i(c) = 7*c**2 + 620*c + 935. Calculate i(-87).
-22
Let h(x) = -16*x - 318. What is h(-22)?
34
Let a(c) = -c**2 - 91*c - 1199. Determine a(-75).
1
Let m(h) = 116*h - 533. Determine m(5).
47
Let z(b) = 2*b**3 - 31*b**2 - 25*b + 145. Determine z(16).
1
Let m(w) = 920*w + 5563. What is m(-6)?
43
Let i(k) = k**3 + 60*k**2 - 96*k + 1648. What is i(-62)?
-88
Let t(o) = o**3 - o**2 - 8*o + 201. Calculate t(0).
201
Let c(h) = 2*h**2 + 16*h - 45. Calculate c(5).
85
Let u(z) = -20*z**2 - 115*z + 20. What is u(-6)?
-10
Let y(m) = 5*m**2 + 11*m - 154. What is y(8)?
254
Let y(i) = -6*i**3 + 37*i**2 - 9*i + 23. What is y(6)?
5
Let f(h) = 20*h + 327. Give f(32).
967
Let d(s) = -s**3 - 15*s**2 + 114*s + 6. Determine d(7).
-274
Let m(i) = -258*i + 1476. Give m(6)